{"id":435,"date":"2024-09-16T16:18:04","date_gmt":"2024-09-16T16:18:04","guid":{"rendered":"https:\/\/yamanlarkocaeli.com\/?page_id=435"},"modified":"2025-04-01T21:20:07","modified_gmt":"2025-04-01T21:20:07","slug":"yamanlar-oto-ekspertiz-obd-beyin-km-kontrolu-paketi","status":"publish","type":"page","link":"https:\/\/yamanlarkocaeli.com\/index.php\/yamanlar-oto-ekspertiz-obd-beyin-km-kontrolu-paketi\/","title":{"rendered":"Yamanlar Oto Ekspertiz OBD Beyin KM Kontrol\u00fc Paketi"},"content":{"rendered":"\t\t<div data-elementor-type=\"wp-page\" data-elementor-id=\"435\" class=\"elementor elementor-435\">\n\t\t\t\t<div class=\"elementor-element elementor-element-c2bdeff e-flex e-con-boxed e-con e-parent\" data-id=\"c2bdeff\" data-element_type=\"container\">\n\t\t\t\t\t<div class=\"e-con-inner\">\n\t\t<div class=\"elementor-element elementor-element-0efb05e e-con-full e-flex e-con e-child\" data-id=\"0efb05e\" data-element_type=\"container\">\n\t\t\t\t<div class=\"elementor-element elementor-element-37407bc elementor-widget elementor-widget-text-editor\" data-id=\"37407bc\" data-element_type=\"widget\" data-widget_type=\"text-editor.default\">\n\t\t\t\t<div class=\"elementor-widget-container\">\n\t\t\t\t\t\t\t<div class=\"flex-shrink-0 flex flex-col relative items-end\"><div class=\"pt-0\"><div class=\"gizmo-bot-avatar flex h-8 w-8 items-center justify-center overflow-hidden rounded-full\"><div class=\"relative p-1 rounded-sm flex items-center justify-center bg-token-main-surface-primary text-token-text-primary h-8 w-8\"><p><strong>OBD Beyin KM Kontrol\u00fc<\/strong><\/p><p>YAMANLAR Oto Ekspertiz\u2019in sundu\u011fu <strong>OBD Beyin KM Kontrol\u00fc<\/strong> ile arac\u0131n\u0131z\u0131n ekran\u0131nda g\u00f6sterilen kilometre verisinin do\u011frulu\u011fu titizlikle incelenir. Bu kontrol, arac\u0131n elektronik beyni \u00fczerinden yap\u0131lan kapsaml\u0131 bir analizle ger\u00e7ekle\u015ftirilir ve kilometre verisinin m\u00fcdahale edilip edilmedi\u011fi g\u00fcvenilir \u015fekilde tespit edilir.<\/p><p>Ger\u00e7ek kilometre bilgisinin do\u011fru olmas\u0131, arac\u0131n ge\u00e7mi\u015fi ve de\u011feri hakk\u0131nda \u00f6nemli bir g\u00f6sterge oldu\u011fundan, OBD Beyin KM Kontrol\u00fc sat\u0131n alma kararlar\u0131nda kritik bir rol oynar.<\/p><\/div><\/div><\/div><\/div>\t\t\t\t\t\t<\/div>\n\t\t\t\t<\/div>\n\t\t\t\t<\/div>\n\t\t\t\t\t<\/div>\n\t\t\t\t<\/div>\n\t\t\t\t<\/div>\n\t\t","protected":false},"excerpt":{"rendered":"<p>OBD Beyin KM Kontrol\u00fc YAMANLAR Oto Ekspertiz\u2019in sundu\u011fu OBD Beyin KM Kontrol\u00fc ile arac\u0131n\u0131z\u0131n ekran\u0131nda g\u00f6sterilen kilometre verisinin do\u011frulu\u011fu titizlikle incelenir. Bu kontrol, arac\u0131n elektronik beyni \u00fczerinden yap\u0131lan kapsaml\u0131 bir analizle ger\u00e7ekle\u015ftirilir ve kilometre verisinin m\u00fcdahale edilip edilmedi\u011fi g\u00fcvenilir \u015fekilde tespit edilir. Ger\u00e7ek kilometre bilgisinin do\u011fru olmas\u0131, arac\u0131n ge\u00e7mi\u015fi ve de\u011feri hakk\u0131nda \u00f6nemli bir g\u00f6sterge [&hellip;]<\/p>\n","protected":false},"author":1,"featured_media":0,"parent":0,"menu_order":0,"comment_status":"closed","ping_status":"closed","template":"","meta":{"footnotes":""},"class_list":["post-435","page","type-page","status-publish","hentry"],"_links":{"self":[{"href":"https:\/\/yamanlarkocaeli.com\/index.php\/wp-json\/wp\/v2\/pages\/435","targetHints":{"allow":["GET"]}}],"collection":[{"href":"https:\/\/yamanlarkocaeli.com\/index.php\/wp-json\/wp\/v2\/pages"}],"about":[{"href":"https:\/\/yamanlarkocaeli.com\/index.php\/wp-json\/wp\/v2\/types\/page"}],"author":[{"embeddable":true,"href":"https:\/\/yamanlarkocaeli.com\/index.php\/wp-json\/wp\/v2\/users\/1"}],"replies":[{"embeddable":true,"href":"https:\/\/yamanlarkocaeli.com\/index.php\/wp-json\/wp\/v2\/comments?post=435"}],"version-history":[{"count":10,"href":"https:\/\/yamanlarkocaeli.com\/index.php\/wp-json\/wp\/v2\/pages\/435\/revisions"}],"predecessor-version":[{"id":808,"href":"https:\/\/yamanlarkocaeli.com\/index.php\/wp-json\/wp\/v2\/pages\/435\/revisions\/808"}],"wp:attachment":[{"href":"https:\/\/yamanlarkocaeli.com\/index.php\/wp-json\/wp\/v2\/media?parent=435"}],"curies":[{"name":"wp","href":"https:\/\/api.w.org\/{rel}","templated":true}]}}