{"id":447,"date":"2024-09-16T16:20:19","date_gmt":"2024-09-16T16:20:19","guid":{"rendered":"https:\/\/yamanlarkocaeli.com\/?page_id=447"},"modified":"2025-04-01T21:20:52","modified_gmt":"2025-04-01T21:20:52","slug":"yamanlar-oto-ekspertiz-airbag-kontrolu-paketi","status":"publish","type":"page","link":"https:\/\/yamanlarkocaeli.com\/index.php\/yamanlar-oto-ekspertiz-airbag-kontrolu-paketi\/","title":{"rendered":"Yamanlar Oto Ekspertiz Airbag Kontrol\u00fc Paketi"},"content":{"rendered":"\t\t<div data-elementor-type=\"wp-page\" data-elementor-id=\"447\" class=\"elementor elementor-447\">\n\t\t\t\t<div class=\"elementor-element elementor-element-c2bdeff e-flex e-con-boxed e-con e-parent\" data-id=\"c2bdeff\" data-element_type=\"container\">\n\t\t\t\t\t<div class=\"e-con-inner\">\n\t\t<div class=\"elementor-element elementor-element-0efb05e e-con-full e-flex e-con e-child\" data-id=\"0efb05e\" data-element_type=\"container\">\n\t\t\t\t<div class=\"elementor-element elementor-element-37407bc elementor-widget elementor-widget-text-editor\" data-id=\"37407bc\" data-element_type=\"widget\" data-widget_type=\"text-editor.default\">\n\t\t\t\t<div class=\"elementor-widget-container\">\n\t\t\t\t\t\t\t<div class=\"flex-shrink-0 flex flex-col relative items-end\"><div class=\"pt-0\"><div class=\"gizmo-bot-avatar flex h-8 w-8 items-center justify-center overflow-hidden rounded-full\"><div class=\"relative p-1 rounded-sm flex items-center justify-center bg-token-main-surface-primary text-token-text-primary h-8 w-8\"><p><strong>Airbag Kontrol\u00fc<\/strong><\/p><p>YAMANLAR Oto Ekspertiz\u2019in <strong>Airbag Kontrol\u00fc<\/strong> paketi, arac\u0131n\u0131z\u0131n airbaglerinin daha \u00f6nce i\u015flem g\u00f6r\u00fcp g\u00f6rmedi\u011fini, herhangi bir m\u00fcdahale ya da de\u011fi\u015ftirilme durumu olup olmad\u0131\u011f\u0131n\u0131 kapsaml\u0131 bir \u015fekilde incelemeyi sa\u011flar.<\/p><p>Uzman teknisyenlerimiz taraf\u0131ndan yap\u0131lan detayl\u0131 kontrol ile airbaglerin \u00e7al\u0131\u015f\u0131rl\u0131\u011f\u0131, orijinalli\u011fi ve g\u00fcvenlik standartlar\u0131na uygunlu\u011fu titizlikle rapor edilir. Bu sayede, s\u00fcr\u00fc\u015f g\u00fcvenli\u011finiz i\u00e7in hayati \u00f6neme sahip airbag sisteminizin durumu hakk\u0131nda net ve g\u00fcvenilir bilgi sahibi olabilirsiniz.<\/p><\/div><\/div><\/div><\/div>\t\t\t\t\t\t<\/div>\n\t\t\t\t<\/div>\n\t\t\t\t<\/div>\n\t\t\t\t\t<\/div>\n\t\t\t\t<\/div>\n\t\t\t\t<\/div>\n\t\t","protected":false},"excerpt":{"rendered":"<p>Airbag Kontrol\u00fc YAMANLAR Oto Ekspertiz\u2019in Airbag Kontrol\u00fc paketi, arac\u0131n\u0131z\u0131n airbaglerinin daha \u00f6nce i\u015flem g\u00f6r\u00fcp g\u00f6rmedi\u011fini, herhangi bir m\u00fcdahale ya da de\u011fi\u015ftirilme durumu olup olmad\u0131\u011f\u0131n\u0131 kapsaml\u0131 bir \u015fekilde incelemeyi sa\u011flar. Uzman teknisyenlerimiz taraf\u0131ndan yap\u0131lan detayl\u0131 kontrol ile airbaglerin \u00e7al\u0131\u015f\u0131rl\u0131\u011f\u0131, orijinalli\u011fi ve g\u00fcvenlik standartlar\u0131na uygunlu\u011fu titizlikle rapor edilir. Bu sayede, s\u00fcr\u00fc\u015f g\u00fcvenli\u011finiz i\u00e7in hayati \u00f6neme sahip airbag [&hellip;]<\/p>\n","protected":false},"author":1,"featured_media":0,"parent":0,"menu_order":0,"comment_status":"closed","ping_status":"closed","template":"","meta":{"footnotes":""},"class_list":["post-447","page","type-page","status-publish","hentry"],"_links":{"self":[{"href":"https:\/\/yamanlarkocaeli.com\/index.php\/wp-json\/wp\/v2\/pages\/447","targetHints":{"allow":["GET"]}}],"collection":[{"href":"https:\/\/yamanlarkocaeli.com\/index.php\/wp-json\/wp\/v2\/pages"}],"about":[{"href":"https:\/\/yamanlarkocaeli.com\/index.php\/wp-json\/wp\/v2\/types\/page"}],"author":[{"embeddable":true,"href":"https:\/\/yamanlarkocaeli.com\/index.php\/wp-json\/wp\/v2\/users\/1"}],"replies":[{"embeddable":true,"href":"https:\/\/yamanlarkocaeli.com\/index.php\/wp-json\/wp\/v2\/comments?post=447"}],"version-history":[{"count":16,"href":"https:\/\/yamanlarkocaeli.com\/index.php\/wp-json\/wp\/v2\/pages\/447\/revisions"}],"predecessor-version":[{"id":814,"href":"https:\/\/yamanlarkocaeli.com\/index.php\/wp-json\/wp\/v2\/pages\/447\/revisions\/814"}],"wp:attachment":[{"href":"https:\/\/yamanlarkocaeli.com\/index.php\/wp-json\/wp\/v2\/media?parent=447"}],"curies":[{"name":"wp","href":"https:\/\/api.w.org\/{rel}","templated":true}]}}