{"id":670,"date":"2024-09-19T09:34:30","date_gmt":"2024-09-19T09:34:30","guid":{"rendered":"https:\/\/yamanlarkocaeli.com\/?page_id=670"},"modified":"2025-04-01T21:18:50","modified_gmt":"2025-04-01T21:18:50","slug":"yamanlar-oto-ekspertiz-luks-suv-ve-buyuk-ticari-araclar-paketi","status":"publish","type":"page","link":"https:\/\/yamanlarkocaeli.com\/index.php\/yamanlar-oto-ekspertiz-luks-suv-ve-buyuk-ticari-araclar-paketi\/","title":{"rendered":"Yamanlar Oto Ekspertiz L\u00fcks &#8211; SUV ve B\u00fcy\u00fck Ticari Ara\u00e7lar Paketi"},"content":{"rendered":"\t\t<div data-elementor-type=\"wp-page\" data-elementor-id=\"670\" class=\"elementor elementor-670\">\n\t\t\t\t<div class=\"elementor-element elementor-element-c2bdeff e-flex e-con-boxed e-con e-parent\" data-id=\"c2bdeff\" data-element_type=\"container\">\n\t\t\t\t\t<div class=\"e-con-inner\">\n\t\t<div class=\"elementor-element elementor-element-0efb05e e-con-full e-flex e-con e-child\" data-id=\"0efb05e\" data-element_type=\"container\">\n\t\t\t\t<div class=\"elementor-element elementor-element-37407bc elementor-widget elementor-widget-text-editor\" data-id=\"37407bc\" data-element_type=\"widget\" data-widget_type=\"text-editor.default\">\n\t\t\t\t<div class=\"elementor-widget-container\">\n\t\t\t\t\t\t\t<p><strong>L\u00fcks Ara\u00e7lar, SUV Ara\u00e7lar ve B\u00fcy\u00fck Ticari Ara\u00e7lara \u00d6zel Oto Ekspertiz Paketi<\/strong> \ud83d\ude97\ud83d\udd0d<\/p><p>L\u00fcks, SUV ve b\u00fcy\u00fck ticari ara\u00e7 sahipleri i\u00e7in arac\u0131n\u0131z\u0131n her detay\u0131n\u0131 inceleyip, g\u00fcvenli bir s\u00fcr\u00fc\u015f i\u00e7in eksiksiz bir ekspertiz sunuyoruz. <strong>Yamanlar Oto Ekspertiz<\/strong> olarak sundu\u011fumuz bu \u00f6zel paket ile arac\u0131n\u0131z\u0131 detayl\u0131ca analiz ediyoruz.<\/p><p><strong>Paket \u0130\u00e7eri\u011fi:<\/strong><\/p><ul><li><strong>Kaporta Kontrol\u00fc<\/strong> \ud83d\udd27<\/li><li><strong>Boya Kontrol\u00fc<\/strong> \ud83c\udfa8<\/li><li><strong>Motor Kontrol\u00fc<\/strong> \ud83d\ude98<\/li><li><strong>Mekanik Kontrol<\/strong> \u2699\ufe0f<\/li><li><strong>\u015eanz\u0131man Kontrol\u00fc<\/strong> \u2699\ufe0f<\/li><li><strong>Lift Ara\u00e7 Alt Kontrol\u00fc<\/strong> \ud83d\udd0d<\/li><li><strong>Tramer Sorgulama<\/strong> \ud83d\udcdd<\/li><li><strong>Plastik Par\u00e7a Kontrolleri<\/strong> \ud83d\udee0\ufe0f<\/li><li><strong>1 Ay 1000 KM Garanti<\/strong> \u2705<\/li><li><strong>OBD Beyin KM Kontrol\u00fc<\/strong> \ud83d\udcbb<\/li><li><strong>Fren Testi<\/strong> \ud83d\uded1<\/li><li><strong>Yol Testi<\/strong> \ud83d\ude97<\/li><li><strong>S\u00fcspansiyon Testi<\/strong> \ud83d\udede<\/li><li><strong>Yanal Kayma Testi<\/strong> \u2696\ufe0f<\/li><li><strong>\u0130\u00e7 Aksam Kontrol<\/strong> \ud83d\udee0\ufe0f<\/li><li><strong>D\u0131\u015f Aksam Kontrol<\/strong> \ud83d\udee0\ufe0f<\/li><li><strong>Airbag Kontrol\u00fc<\/strong> \ud83d\udee1\ufe0f<\/li><li><strong>Motor Conta Ka\u00e7ak Kontrol\u00fc<\/strong> \ud83d\udd27<\/li><\/ul><p>Arac\u0131n\u0131z\u0131n sa\u011fl\u0131\u011f\u0131n\u0131 g\u00fcvence alt\u0131na al\u0131n ve yola g\u00f6n\u00fcl rahatl\u0131\u011f\u0131yla \u00e7\u0131k\u0131n! \ud83d\udc4c<\/p><p>\ud83d\udcde <strong>Hemen Randevu Al\u0131n!<\/strong><\/p>\t\t\t\t\t\t<\/div>\n\t\t\t\t<\/div>\n\t\t\t\t<\/div>\n\t\t\t\t\t<\/div>\n\t\t\t\t<\/div>\n\t\t\t\t<\/div>\n\t\t","protected":false},"excerpt":{"rendered":"<p>L\u00fcks Ara\u00e7lar, SUV Ara\u00e7lar ve B\u00fcy\u00fck Ticari Ara\u00e7lara \u00d6zel Oto Ekspertiz Paketi \ud83d\ude97\ud83d\udd0d L\u00fcks, SUV ve b\u00fcy\u00fck ticari ara\u00e7 sahipleri i\u00e7in arac\u0131n\u0131z\u0131n her detay\u0131n\u0131 inceleyip, g\u00fcvenli bir s\u00fcr\u00fc\u015f i\u00e7in eksiksiz bir ekspertiz sunuyoruz. Yamanlar Oto Ekspertiz olarak sundu\u011fumuz bu \u00f6zel paket ile arac\u0131n\u0131z\u0131 detayl\u0131ca analiz ediyoruz. Paket \u0130\u00e7eri\u011fi: Kaporta Kontrol\u00fc \ud83d\udd27 Boya Kontrol\u00fc \ud83c\udfa8 Motor [&hellip;]<\/p>\n","protected":false},"author":1,"featured_media":0,"parent":0,"menu_order":0,"comment_status":"closed","ping_status":"closed","template":"","meta":{"footnotes":""},"class_list":["post-670","page","type-page","status-publish","hentry"],"_links":{"self":[{"href":"https:\/\/yamanlarkocaeli.com\/index.php\/wp-json\/wp\/v2\/pages\/670","targetHints":{"allow":["GET"]}}],"collection":[{"href":"https:\/\/yamanlarkocaeli.com\/index.php\/wp-json\/wp\/v2\/pages"}],"about":[{"href":"https:\/\/yamanlarkocaeli.com\/index.php\/wp-json\/wp\/v2\/types\/page"}],"author":[{"embeddable":true,"href":"https:\/\/yamanlarkocaeli.com\/index.php\/wp-json\/wp\/v2\/users\/1"}],"replies":[{"embeddable":true,"href":"https:\/\/yamanlarkocaeli.com\/index.php\/wp-json\/wp\/v2\/comments?post=670"}],"version-history":[{"count":7,"href":"https:\/\/yamanlarkocaeli.com\/index.php\/wp-json\/wp\/v2\/pages\/670\/revisions"}],"predecessor-version":[{"id":799,"href":"https:\/\/yamanlarkocaeli.com\/index.php\/wp-json\/wp\/v2\/pages\/670\/revisions\/799"}],"wp:attachment":[{"href":"https:\/\/yamanlarkocaeli.com\/index.php\/wp-json\/wp\/v2\/media?parent=670"}],"curies":[{"name":"wp","href":"https:\/\/api.w.org\/{rel}","templated":true}]}}